 40. What is the remainder when 48 is divided by t(w)?
8
Let x(f) = f**3 + 32*f**2 + 56*f + 4. What is the remainder when x(-30) is divided by 21?
19
Let k(y) = -6*y - 6. Let f be k(-6). Suppose -a - 4*a = -f. What is the remainder when 37 is divided by (-142)/(-7) + a/(-21)?
17
Let v = -4 - -7. Let a be (v/((-3)/(-5)))/1. Suppose -a*j = -4*j - 37. What is the remainder when j is divided by 13?
11
Suppose 4*g - 322 = -5*w, 4*g - 3*g = 2*w - 121. Let c be (0 - 1) + (-14)/(-2). What is the remainder when w/c + (-12)/36 is divided by 6?
4
Suppose 2*z = 3*z - 12. Suppose -2*c + 15 = -103. What is the remainder when c is divided by z?
11
Let s = 250 + -185. Suppose 3*w + 37 + 25 = 2*b, w = -4*b + 138. Calculate the remainder when s is divided by b.
31
Suppose -78 = 5*l - 278. Suppose 0 = -k + 3*m - m + 36, -5*k = m - 202. Suppose 0 = 5*s - k - l. What is the remainder when 30 is divided by s?
14
Let t(c) = c**3 - 5*c**2 + 2*c - 10. Let b be t(7). Let j = -61 + b. Calculate the remainder when j is divided by (1/(-2))/((-334)/(-84) - 4).
20
Let v(s) = 2*s**2 + 11*s - 4 + 7 - s**2 - 2*s**2. Let t be v(11). Suppose t*c - c - 14 = 0. What is the remainder when c is divided by 2?
1
Suppose -4*r + 5*r - 2*d = 127, -5*d = -3*r + 377. Calculate the remainder when r is divided by 36.
11
Let o = 0 + -112. Let t = o + 155. What is the remainder when t is divided by 9?
7
Let v(x) = -17*x - 3. Let t(s) = 2 - s + 3 - 1. Let g be t(7). What is the remainder when v(g) is divided by 17?
14
Let l = -43 - -49. Suppose 8*d = l*d + 192. What is the remainder when d is divided by 33?
30
Let m(o) = o**2 + 21*o + 19. Let f be m(-20). Suppose 2*v = -2*h - h + 47, 2*v + h = 45. Calculate the remainder when v is divided by f + 185/20 + 2/(-8).
6
Let d = 103 + 9. Let u = d + -55. Calculate the remainder when u is divided by (-7)/35 - 532/(-35).
12
Let p = -4 - -10. Suppose -y - 5 = -0. Calculate the remainder when 13 - (-1 + -1 - y) is divided by p.
4
Let v = -56 + 90. Suppose -5*i + i + 663 = 5*r, -333 = -2*i - r. What is the remainder when i is divided by v?
31
Let c(v) = 2*v + 7 + 13 - 3 + v**2 + 1. Calculate the remainder when c(-6) is divided by 9.
6
Suppose 3*l - 2*z = 24, -5*l - 5*z = -0*z - 40. Calculate the remainder when 1/(1*(-1)/(-54)) is divided by l.
6
Suppose 133*j + 103 = 136*j - 4*d, -5*d + 107 = 2*j. Calculate the remainder when 980 is divided by j.
37
Let p(o) = -o**2 + 13*o - 6. Let u be p(7). What is the remainder when 37 is divided by ((-14)/(-10) + 0)/(u/180)?
2
Suppose -2*u + 332 = 4*z, 2*z + 9*u - 14*u = 190. Calculate the remainder when z is divided by 7.
1
Let q(j) = 2*j**2 - 5*j - 8. What is the remainder when q(6) is divided by 3/(-6) - 2/(4/(-25))?
10
Let y be 1662/66 + 2/(-11). Suppose 3*f - 122 = y. Calculate the remainder when f is divided by 25.
24
Let o = 1 - 7. Let r be -2 + -1 + o/(-1). Suppose 124 = r*v + v. What is the remainder when v is divided by 16?
15
Let g(u) = -14*u**3 - u**2 + 2. Calculate the remainder when 70 is divided by g(-1).
10
Let x = 20 + -12. What is the remainder when ((-116)/(-6))/((-5)/60*-8) is divided by x?
5
Let g = 2 + 24. Let i = 46 - g. Calculate the remainder when 39 is divided by i.
19
Suppose -r = -3*r + 586. Suppose 2*v = a + r, -4*a = -2*v - 2*v + 592. Calculate the remainder when v is divided by 21.
19
Let b(h) be the third derivative of h**5/15 - h**4/6 + h**3/2 - 3*h**2. Let g be b(2). Let j = g - -3. Calculate the remainder when 27 is divided by j.
13
Suppose -16 = -4*d, 0*i + 3*i = -2*d + 11. What is the remainder when 84 is divided by i/((-108)/(-102) + -1)?
16
Let g(s) = 11*s**2 + 953. Calculate the remainder when g(0) is divided by 106.
105
Let o = -21 - -63. Let f = 64 - 53. Calculate the remainder when o is divided by f.
9
What is the remainder when 509 is divided by 87 + ((5 - 3) + -1)*-2?
84
Calculate the remainder when 173/((-217)/62*2/(-7)) is divided by 84.
5
Suppose -3*r - 4*t = -16, r = 14*t - 19*t - 2. Calculate the remainder when 31 is divided by r.
7
Let j be -2 - 0 - 1*-4. Let m be (5 + (-17)/3)/(6/(-45)). Suppose -5*p = j*v + 2, -v - 29 = -2*v + m*p. Calculate the remainder when 15 is divided by v.
6
Let r(t) = 42*t - 25. What is the remainder when r(21) is divided by 10?
7
Suppose 0 = 2*x - 353*u + 349*u - 184, -2*u = -3*x + 268. Let g(d) = -3*d**3 - 3*d**2 - 3*d - 3. What is the remainder when x is divided by g(-2)?
13
Let w(o) = -10*o**3 - 2*o**2 - 2*o - 1. Suppose 2*k - 133 + 6 = 5*h, -3*h - 9 = 0. Let x = -22 + k. Calculate the remainder when x is divided by w(-1).
7
Let f = -161 - -203. What is the remainder when 418 is divided by f?
40
Let d be ((-2)/(-6))/((-3)/639). Let y = -11 - d. Suppose -x - x = -42. Calculate the remainder when y is divided by x.
18
Let t = -130 + 144. Calculate the remainder when 50 is divided by t.
8
Let g be 2/(-7) - (-2 - (-90)/(-21)). Let p = 9 - -25. What is the remainder when p is divided by -4*3/g + 12 + 2?
10
Suppose 0 = 3*w - 5*i + 13, -5*i + i + 12 = -4*w. Let m(q) = q**3 + 5*q**2 - 6*q + 2. What is the remainder when (w + 0 + 3)/1 is divided by m(-6)?
0
Let b = -1 + 3. Suppose -16 = -2*l - b*l. Suppose -2*w + 28 = -r, 0*w + l = -w + 5*r. Calculate the remainder when 46 is divided by w.
14
Suppose 5*n + 1 - 6 = 0, 4*y - 3*n - 5 = 0. Let k be ((-32)/(-5))/(-1)*(-45)/18. Suppose -y*m - k = -4*m. What is the remainder when 23 is divided by m?
7
What is the remainder when 429 is divided by (-3)/((-142)/(-11) - 13)?
0
Suppose 5*j + 134 - 459 = 0. Calculate the remainder when j is divided by 31.
3
Let g = -157 + 159. Calculate the remainder when 24 is divided by g.
0
What is the remainder when ((-3)/(-6) - 1) + (-449)/(-2) is divided by 45?
44
Let z(g) = 2*g**2 + 31*g - 19. Let t be z(-16). Let h(y) = 5*y**2 - 2*y + 2. What is the remainder when h(t) is divided by 14?
11
Let w = 19 + 20. Suppose w + 7 = 2*s. Suppose 3*o + 6 = 0, -4*q = -2*q - 3*o - 30. What is the remainder when s is divided by q?
11
Suppose -6 = -a - 5*u + 9, -16 = -2*a - 3*u. Suppose 5*q + 85 = -a*w, w - 3*q + 13 + 8 = 0. Let v = -6 - w. What is the remainder when 23 is divided by v?
11
Let g(v) = 16*v**2 - 20*v + 21. Calculate the remainder when g(1) is divided by 2.
1
Suppose -11*c = -447 + 348. Calculate the remainder when 771 is divided by c.
6
Let p(n) be the first derivative of n**3 - 2*n**2 - 7*n + 9. Calculate the remainder when p(-3) is divided by 9.
5
What is the remainder when 113 is divided by (441/(-189))/((-1)/15)?
8
Let x = 658 + -608. What is the remainder when x is divided by 10?
0
Suppose 5*i = 5*l - 35, 2*l + i - 5 = 6. Let z = -15 + 29. Suppose -6*t = -11*t - w + z, -5*w = -2*t - 16. Calculate the remainder when l is divided by t.
0
Let p = -96 + 129. Calculate the remainder when 80 is divided by p.
14
Suppose -11 - 43 = 2*u. Let d = u - -9. What is the remainder when d/(-12) + (-2)/(-4) is divided by 1?
0
Let y(w) = w**3 + 11*w**2 - 8*w + 25. Let j be y(-11). Let m = j - -7. Calculate the remainder when m is divided by 44.
32
Calculate the remainder when (-16)/120 - (-6244)/30 is divided by 24.
16
Let w = 1331 - 1303. Let b(l) = l**3 - l**2 + 3*l - 2. What is the remainder when w is divided by b(2)?
4
Let c = 17 - 10. Let q = -7 + c. Calculate the remainder when (5 - 5) + (q - -35) is divided by 19.
16
Suppose 3*n - 535 = 5*j, 0*n - 3*j = -4*n + 728. Let b = n - 130. Calculate the remainder when b is divided by 29.
26
Let x = 55 + -56. Calculate the remainder when 1305/30 - x/2 is divided by 13.
5
Let m(t) = -t**3 + 7*t**2 - 4*t + 3. Suppose -70*u = -104*u + 3026. What is the remainder when u is divided by m(6)?
14
Let z(p) = 13*p - 17*p**2 + p + 28 + 7*p**2 - 49 + p**3. What is the remainder when 46 is divided by z(9)?
22
Let h be ((-3)/6)/(1/(-68)). Suppose 2*s - 18 = -5*r + 28, -h = -5*r + 2*s. Calculate the remainder when (-88)/(-3) + 4/6 is divided by r.
6
Calculate the remainder when 183 is divided by (-5)/(-4) - (11907/(-28))/7.
59
Suppose 2*l + 6 = -78. Calculate the remainder when 147 is divided by 2/6*113 + (-14)/l.
33
Let x = 32 + -28. Suppose -3*j + 3*o = -75, 5*j + 5*o = 54 + 81. What is the remainder when j is divided by 42/x*10/15?
5
Suppose -406 = -4*m + 2*l, 0 = 9*m - 8*m - 2*l - 106. What is the remainder when m is divided by 15?
10
Suppo